{"id":21,"date":"2013-04-23T15:55:22","date_gmt":"2013-04-23T13:55:22","guid":{"rendered":"http:\/\/hno-johannssen.de\/?page_id=21"},"modified":"2021-02-16T14:09:11","modified_gmt":"2021-02-16T13:09:11","slug":"homoopathie","status":"publish","type":"page","link":"https:\/\/hno-johannssen.de\/?page_id=21","title":{"rendered":"Hom\u00f6opathie"},"content":{"rendered":"<p>Der Begr\u00fcnder der Hom\u00f6opathie, Christian Friedrich Samuel Hahnemann, wurde am 10. April 1755 in Mei\u00dfen(Sachsen) geboren. Als studierter Arzt und Chemiker war er mit der medizinischen Therapie seiner Zeit (Aderl\u00e4sse, Darmsp\u00fclungen, hohe Dosen hochgiftiger Arzneimittel) sehr unzufrieden und besch\u00e4ftigte sich intensiv mit den damals g\u00e4ngigen Medikamenten. Hierbei kam es zu dem bekannten Selbstversuch mit Chinarinde\u00a0 (das Mittel fand bei Malaria Anwendung), bei dem es zu malaria\u00e4hnlichen Symptomen kam.<\/p>\n<p>Die Hom\u00f6opathie heilt \u00c4hnliches mit \u00c4hnlichem (simila similibus currentur), so verwendet man z. B. bei Insektenstichen eine Zubereitung aus einer Honigbiene und unger\u00f6stete Kaffeebohnen\u00a0 bei Schlafst\u00f6rungen. Die Substanzen werden stark verd\u00fcnnt, da sie im Originalzustand\u00a0 h\u00e4ufig sehr giftig sind. Je mehr ein Mittel verd\u00fcnnt ist (potenziert), desto st\u00e4rker ist seine Wirkung.<\/p>\n<p>Hom\u00f6opathische Mittel beschleunigen die Genesung, indem sie die Lebenskraft anregen und st\u00e4rken, sich gegen die Erkrankung zu wehren und den K\u00f6rper wieder gesunden zu lassen. Dabei kommt es darauf an, dass der Hom\u00f6opath das Mittel w\u00e4hlt, dessen Symptombild dem Beschwerdebild des Patienten m\u00f6glichst genau entspricht.<\/p>\n","protected":false},"excerpt":{"rendered":"<p>Der Begr\u00fcnder der Hom\u00f6opathie, Christian Friedrich Samuel Hahnemann, wurde am 10. April 1755 in Mei\u00dfen(Sachsen) geboren. Als studierter Arzt und Chemiker war er mit der medizinischen Therapie seiner Zeit (Aderl\u00e4sse, Darmsp\u00fclungen, hohe Dosen hochgiftiger Arzneimittel) sehr unzufrieden und besch\u00e4ftigte sich intensiv mit den damals g\u00e4ngigen Medikamenten. Hierbei kam es zu dem bekannten Selbstversuch mit Chinarinde\u00a0 [&hellip;]<\/p>\n","protected":false},"author":1,"featured_media":0,"parent":2,"menu_order":0,"comment_status":"closed","ping_status":"closed","template":"","meta":{"footnotes":""},"class_list":["post-21","page","type-page","status-publish","hentry"],"_links":{"self":[{"href":"https:\/\/hno-johannssen.de\/index.php?rest_route=\/wp\/v2\/pages\/21","targetHints":{"allow":["GET"]}}],"collection":[{"href":"https:\/\/hno-johannssen.de\/index.php?rest_route=\/wp\/v2\/pages"}],"about":[{"href":"https:\/\/hno-johannssen.de\/index.php?rest_route=\/wp\/v2\/types\/page"}],"author":[{"embeddable":true,"href":"https:\/\/hno-johannssen.de\/index.php?rest_route=\/wp\/v2\/users\/1"}],"replies":[{"embeddable":true,"href":"https:\/\/hno-johannssen.de\/index.php?rest_route=%2Fwp%2Fv2%2Fcomments&post=21"}],"version-history":[{"count":3,"href":"https:\/\/hno-johannssen.de\/index.php?rest_route=\/wp\/v2\/pages\/21\/revisions"}],"predecessor-version":[{"id":44,"href":"https:\/\/hno-johannssen.de\/index.php?rest_route=\/wp\/v2\/pages\/21\/revisions\/44"}],"up":[{"embeddable":true,"href":"https:\/\/hno-johannssen.de\/index.php?rest_route=\/wp\/v2\/pages\/2"}],"wp:attachment":[{"href":"https:\/\/hno-johannssen.de\/index.php?rest_route=%2Fwp%2Fv2%2Fmedia&parent=21"}],"curies":[{"name":"wp","href":"https:\/\/api.w.org\/{rel}","templated":true}]}}