{"id":2,"date":"2013-04-18T15:15:20","date_gmt":"2013-04-18T15:15:20","guid":{"rendered":"http:\/\/hno-johannssen.de\/?page_id=2"},"modified":"2024-09-03T10:32:24","modified_gmt":"2024-09-03T08:32:24","slug":"beispiel-seite","status":"publish","type":"page","link":"https:\/\/hno-johannssen.de\/?page_id=2","title":{"rendered":"Leistungen"},"content":{"rendered":"<p><a title=\"Akupunktur\" href=\"https:\/\/hno-johannssen.de\/?page_id=17\">Akupunktur<\/a><\/p>\n<p><a title=\"Allergologie (Prick- Rasttestung, Hyposensibilisierung)\" href=\"https:\/\/hno-johannssen.de\/?page_id=19\">Allergologie (Prick- Rasttestung, Hyposensibilisierung)<\/a><\/p>\n<p>Desensibilisierungen<\/p>\n<p>Fr\u00fchkindliche H\u00f6rst\u00f6rungen<\/p>\n<p>Geruchs- und Geschmacksst\u00f6rungen<\/p>\n<p>Gesichtsl\u00e4hmung<\/p>\n<p>Gleichgewichtsst\u00f6rung<\/p>\n<p>Halserkrankungen<\/p>\n<p><a title=\"Hom\u00f6opathie\" href=\"https:\/\/hno-johannssen.de\/?page_id=21\">Hom\u00f6opathie<\/a><\/p>\n<p>H\u00f6rger\u00e4teversorgung<\/p>\n<p>H\u00f6rsturzdiagnostik und -therapie (BERA)<\/p>\n<p>Laserchirurgie<\/p>\n<p>Nasen- und Kieferh\u00f6hlenerkrankungen<\/p>\n<p>Ohrenerkrankungen<\/p>\n<p>ambulante\/station\u00e4re Operationen (Belegarzt der Klinik Flechsig im St\u00e4dtischen Krankenhaus)<\/p>\n<p><a title=\"Phytotherapie\" href=\"https:\/\/hno-johannssen.de\/?page_id=23\">Phytotherapie<\/a><\/p>\n<p>Schluckst\u00f6rungen<\/p>\n<p>Schnarchen\/Schlafapnoesyndrom<\/p>\n<p>Schwindel (Videonystagmographie)<\/p>\n<p>Sonographie<\/p>\n<p>Speicheldr\u00fcsenerkankungen<\/p>\n<p>Sprachentwicklungsst\u00f6rungen<\/p>\n<p>Stimmst\u00f6rungen (Dysphonien)<\/p>\n<p>Tinnitus<\/p>\n<p>Traumatologie (Unf\u00e4lle, Br\u00fcche)<\/p>\n<p>Tumordiagnostik<\/p>\n","protected":false},"excerpt":{"rendered":"<p>Akupunktur Allergologie (Prick- Rasttestung, Hyposensibilisierung) Desensibilisierungen Fr\u00fchkindliche H\u00f6rst\u00f6rungen Geruchs- und Geschmacksst\u00f6rungen Gesichtsl\u00e4hmung Gleichgewichtsst\u00f6rung Halserkrankungen Hom\u00f6opathie H\u00f6rger\u00e4teversorgung H\u00f6rsturzdiagnostik und -therapie (BERA) Laserchirurgie Nasen- und Kieferh\u00f6hlenerkrankungen Ohrenerkrankungen ambulante\/station\u00e4re Operationen (Belegarzt der Klinik Flechsig im St\u00e4dtischen Krankenhaus) Phytotherapie Schluckst\u00f6rungen Schnarchen\/Schlafapnoesyndrom Schwindel (Videonystagmographie) Sonographie Speicheldr\u00fcsenerkankungen Sprachentwicklungsst\u00f6rungen Stimmst\u00f6rungen (Dysphonien) Tinnitus Traumatologie (Unf\u00e4lle, Br\u00fcche) Tumordiagnostik<\/p>\n","protected":false},"author":1,"featured_media":0,"parent":0,"menu_order":0,"comment_status":"closed","ping_status":"closed","template":"","meta":{"footnotes":""},"class_list":["post-2","page","type-page","status-publish","hentry"],"_links":{"self":[{"href":"https:\/\/hno-johannssen.de\/index.php?rest_route=\/wp\/v2\/pages\/2","targetHints":{"allow":["GET"]}}],"collection":[{"href":"https:\/\/hno-johannssen.de\/index.php?rest_route=\/wp\/v2\/pages"}],"about":[{"href":"https:\/\/hno-johannssen.de\/index.php?rest_route=\/wp\/v2\/types\/page"}],"author":[{"embeddable":true,"href":"https:\/\/hno-johannssen.de\/index.php?rest_route=\/wp\/v2\/users\/1"}],"replies":[{"embeddable":true,"href":"https:\/\/hno-johannssen.de\/index.php?rest_route=%2Fwp%2Fv2%2Fcomments&post=2"}],"version-history":[{"count":14,"href":"https:\/\/hno-johannssen.de\/index.php?rest_route=\/wp\/v2\/pages\/2\/revisions"}],"predecessor-version":[{"id":495,"href":"https:\/\/hno-johannssen.de\/index.php?rest_route=\/wp\/v2\/pages\/2\/revisions\/495"}],"wp:attachment":[{"href":"https:\/\/hno-johannssen.de\/index.php?rest_route=%2Fwp%2Fv2%2Fmedia&parent=2"}],"curies":[{"name":"wp","href":"https:\/\/api.w.org\/{rel}","templated":true}]}}